{"id":252,"date":"2024-05-28T15:19:44","date_gmt":"2024-05-28T13:19:44","guid":{"rendered":"https:\/\/mta83.com\/?page_id=252"},"modified":"2024-07-04T12:29:51","modified_gmt":"2024-07-04T10:29:51","slug":"entretien-ecs-et-adoucisseur","status":"publish","type":"page","link":"https:\/\/mta83.com\/index.php\/entretien-ecs-et-adoucisseur\/","title":{"rendered":"Entretien ECS et adoucisseur"},"content":{"rendered":"<div id=\"metaslider-id-744\" style=\"width: 100%;\" class=\"ml-slider-3-91-0 metaslider metaslider-flex metaslider-744 ml-slider ms-theme-default nav-hidden\" role=\"region\" aria-roledescription=\"Slideshow\" aria-label=\"ECS\">\n    <div id=\"metaslider_container_744\">\n        <div id=\"metaslider_744\">\n            <ul class='slides'>\n                <li style=\"display: block; width: 100%;\" class=\"slide-749 ms-image \" aria-roledescription=\"slide\" aria-label=\"slide-749\"><img loading=\"lazy\" decoding=\"async\" width=\"1200\" height=\"675\" src=\"https:\/\/mta83.com\/wp-content\/uploads\/2024\/07\/ecs2.png\" class=\"slider-744 slide-749\" alt=\"\" rel=\"\" title=\"ecs2\" style=\"margin: 0 auto; width: 76.190476190476%\" srcset=\"https:\/\/mta83.com\/wp-content\/uploads\/2024\/07\/ecs2.png 1200w, https:\/\/mta83.com\/wp-content\/uploads\/2024\/07\/ecs2-300x169.png 300w, https:\/\/mta83.com\/wp-content\/uploads\/2024\/07\/ecs2-1024x576.png 1024w, https:\/\/mta83.com\/wp-content\/uploads\/2024\/07\/ecs2-768x432.png 768w, https:\/\/mta83.com\/wp-content\/uploads\/2024\/07\/ecs2-24x14.png 24w, https:\/\/mta83.com\/wp-content\/uploads\/2024\/07\/ecs2-36x20.png 36w, https:\/\/mta83.com\/wp-content\/uploads\/2024\/07\/ecs2-48x27.png 48w\" sizes=\"auto, (max-width: 1200px) 100vw, 1200px\" \/><\/li>\n                <li style=\"display: none; width: 100%;\" class=\"slide-750 ms-image \" aria-roledescription=\"slide\" aria-label=\"slide-750\"><img loading=\"lazy\" decoding=\"async\" width=\"782\" height=\"440\" src=\"https:\/\/mta83.com\/wp-content\/uploads\/2024\/07\/ecs3.png\" class=\"slider-744 slide-750\" alt=\"\" rel=\"\" title=\"ecs3\" style=\"margin: 0 auto; width: 76.168831168831%\" srcset=\"https:\/\/mta83.com\/wp-content\/uploads\/2024\/07\/ecs3.png 782w, https:\/\/mta83.com\/wp-content\/uploads\/2024\/07\/ecs3-300x169.png 300w, https:\/\/mta83.com\/wp-content\/uploads\/2024\/07\/ecs3-768x432.png 768w, https:\/\/mta83.com\/wp-content\/uploads\/2024\/07\/ecs3-24x14.png 24w, https:\/\/mta83.com\/wp-content\/uploads\/2024\/07\/ecs3-36x20.png 36w, https:\/\/mta83.com\/wp-content\/uploads\/2024\/07\/ecs3-48x27.png 48w\" sizes=\"auto, (max-width: 782px) 100vw, 782px\" \/><\/li>\n                <li style=\"display: none; width: 100%;\" class=\"slide-751 ms-image \" aria-roledescription=\"slide\" aria-label=\"slide-751\"><img loading=\"lazy\" decoding=\"async\" width=\"634\" height=\"356\" src=\"https:\/\/mta83.com\/wp-content\/uploads\/2024\/07\/ecs4.png\" class=\"slider-744 slide-751\" alt=\"\" rel=\"\" title=\"ecs4\" style=\"margin: 0 auto; width: 76.324237560193%\" srcset=\"https:\/\/mta83.com\/wp-content\/uploads\/2024\/07\/ecs4.png 634w, https:\/\/mta83.com\/wp-content\/uploads\/2024\/07\/ecs4-300x168.png 300w, https:\/\/mta83.com\/wp-content\/uploads\/2024\/07\/ecs4-24x13.png 24w, https:\/\/mta83.com\/wp-content\/uploads\/2024\/07\/ecs4-36x20.png 36w, https:\/\/mta83.com\/wp-content\/uploads\/2024\/07\/ecs4-48x27.png 48w\" sizes=\"auto, (max-width: 634px) 100vw, 634px\" \/><\/li>\n                <li style=\"display: none; width: 100%;\" class=\"slide-752 ms-image \" aria-roledescription=\"slide\" aria-label=\"slide-752\"><img loading=\"lazy\" decoding=\"async\" width=\"1039\" height=\"584\" src=\"https:\/\/mta83.com\/wp-content\/uploads\/2024\/07\/ecs-menu.png\" class=\"slider-744 slide-752\" alt=\"\" rel=\"\" title=\"ecs-menu\" style=\"margin: 0 auto; width: 76.247553816047%\" srcset=\"https:\/\/mta83.com\/wp-content\/uploads\/2024\/07\/ecs-menu.png 1039w, https:\/\/mta83.com\/wp-content\/uploads\/2024\/07\/ecs-menu-300x169.png 300w, https:\/\/mta83.com\/wp-content\/uploads\/2024\/07\/ecs-menu-1024x576.png 1024w, https:\/\/mta83.com\/wp-content\/uploads\/2024\/07\/ecs-menu-768x432.png 768w, https:\/\/mta83.com\/wp-content\/uploads\/2024\/07\/ecs-menu-24x13.png 24w, https:\/\/mta83.com\/wp-content\/uploads\/2024\/07\/ecs-menu-36x20.png 36w, https:\/\/mta83.com\/wp-content\/uploads\/2024\/07\/ecs-menu-48x27.png 48w\" sizes=\"auto, (max-width: 1039px) 100vw, 1039px\" \/><\/li>\n            <\/ul>\n        <\/div>\n        \n    <\/div>\n<\/div>\n\n\n\n<figure class=\"wp-block-pullquote\"><blockquote><p><strong>MTA effectue l\u2019entretien, la maintenance et le nettoyage des tous les chauffe-eaux et adoucisseur<\/strong>s<\/p><\/blockquote><\/figure>\n\n\n\n<p>Installation effectu\u00e9e ou non par MTA, notre \u00e9quipe de professionnel interviendra rapidement. Nous proposons \u00e9galement des contrats de maintenance adapt\u00e9 \u00e0 vos syst\u00e8mes.<\/p>\n\n\n\n<p>Cumulus, chauffe eau solaire, chauffe eau \u00e9lectrique, chauffe eau thermodynamique,<\/p>\n\n\n\n<p><strong>Il est n\u00e9cessaire de faire entretenir r\u00e9guli\u00e8rement vos syst\u00e8mes par un professionnel.<\/strong><\/p>\n\n\n\n<p>Notre savoir-faire et notre exp\u00e9rience mis \u00e0 votre service pour pr\u00e9server vos machines.&nbsp;&nbsp; Une machine encrass\u00e9e s\u2019use plus rapidement, surconsomme et se charge en calcaire. Cet entretien est donc important pour pr\u00e9venir d\u2019une \u00e9ventuelle panne et pour budg\u00e9ter cette future intervention.<\/p>\n\n\n\n<div class=\"wp-block-buttons is-content-justification-right is-layout-flex wp-container-core-buttons-is-layout-d445cf74 wp-block-buttons-is-layout-flex\">\n<div class=\"wp-block-button\"><a class=\"wp-block-button__link wp-element-button\" href=\"https:\/\/mta83.com\/index.php\/contactez-nous\/\">Demander un devis<\/a><\/div>\n<\/div>\n\n\n\n<figure class=\"wp-block-image aligncenter size-medium is-resized\"><a href=\"https:\/\/www.google.com\/maps\/place\/MTA+Chauffage+-+Climatisation+-+Plomberie+%2F+Clim+-+PAC+-+chauffe+eau+thermodynamique+-+cumulus+-+Cave+%C3%A0+vin+-+Bateau+Yacht\/@43.2253812,6.135497,15z\/data=!4m18!1m9!3m8!1s0x12c93d3bc4df43ad:0x89409391f7e7d56c!2sMTA+Chauffage+-+Climatisation+-+Plomberie+%2F+Clim+-+PAC+-+chauffe+eau+thermodynamique+-+cumulus+-+Cave+%C3%A0+vin+-+Bateau+Yacht!8m2!3d43.2253812!4d6.135497!9m1!1b1!16s%2Fg%2F11fx8wvwl3!3m7!1s0x12c93d3bc4df43ad:0x89409391f7e7d56c!8m2!3d43.2253812!4d6.135497!9m1!1b1!16s%2Fg%2F11fx8wvwl3?entry=ttu\" target=\"_blank\" rel=\"noreferrer noopener\"><img loading=\"lazy\" decoding=\"async\" width=\"300\" height=\"158\" src=\"https:\/\/mta83.com\/wp-content\/uploads\/2024\/06\/google-avis-client-300x158.webp\" alt=\"\" class=\"wp-image-441\" style=\"width:250px\" srcset=\"https:\/\/mta83.com\/wp-content\/uploads\/2024\/06\/google-avis-client-300x158.webp 300w, https:\/\/mta83.com\/wp-content\/uploads\/2024\/06\/google-avis-client-768x404.webp 768w, https:\/\/mta83.com\/wp-content\/uploads\/2024\/06\/google-avis-client-24x13.webp 24w, https:\/\/mta83.com\/wp-content\/uploads\/2024\/06\/google-avis-client-36x19.webp 36w, https:\/\/mta83.com\/wp-content\/uploads\/2024\/06\/google-avis-client-48x25.webp 48w, https:\/\/mta83.com\/wp-content\/uploads\/2024\/06\/google-avis-client.webp 1024w\" sizes=\"auto, (max-width: 300px) 100vw, 300px\" \/><\/a><\/figure>\n","protected":false},"excerpt":{"rendered":"<p>MTA effectue l\u2019entretien, la maintenance et le nettoyage des tous les chauffe-eaux et adoucisseurs Installation effectu\u00e9e ou non par MTA, notre \u00e9quipe de professionnel interviendra rapidement. Nous proposons \u00e9galement des contrats de maintenance adapt\u00e9 \u00e0 vos syst\u00e8mes. Cumulus, chauffe eau solaire, chauffe eau \u00e9lectrique, chauffe eau thermodynamique, Il est n\u00e9cessaire de faire entretenir r\u00e9guli\u00e8rement vos [&hellip;]<\/p>\n","protected":false},"author":1,"featured_media":0,"parent":0,"menu_order":0,"comment_status":"closed","ping_status":"closed","template":"","meta":{"footnotes":""},"class_list":["post-252","page","type-page","status-publish","hentry"],"_links":{"self":[{"href":"https:\/\/mta83.com\/index.php\/wp-json\/wp\/v2\/pages\/252","targetHints":{"allow":["GET"]}}],"collection":[{"href":"https:\/\/mta83.com\/index.php\/wp-json\/wp\/v2\/pages"}],"about":[{"href":"https:\/\/mta83.com\/index.php\/wp-json\/wp\/v2\/types\/page"}],"author":[{"embeddable":true,"href":"https:\/\/mta83.com\/index.php\/wp-json\/wp\/v2\/users\/1"}],"replies":[{"embeddable":true,"href":"https:\/\/mta83.com\/index.php\/wp-json\/wp\/v2\/comments?post=252"}],"version-history":[{"count":7,"href":"https:\/\/mta83.com\/index.php\/wp-json\/wp\/v2\/pages\/252\/revisions"}],"predecessor-version":[{"id":762,"href":"https:\/\/mta83.com\/index.php\/wp-json\/wp\/v2\/pages\/252\/revisions\/762"}],"wp:attachment":[{"href":"https:\/\/mta83.com\/index.php\/wp-json\/wp\/v2\/media?parent=252"}],"curies":[{"name":"wp","href":"https:\/\/api.w.org\/{rel}","templated":true}]}}