{"id":255,"date":"2024-05-28T15:21:49","date_gmt":"2024-05-28T13:21:49","guid":{"rendered":"https:\/\/mta83.com\/?page_id=255"},"modified":"2024-08-05T17:53:43","modified_gmt":"2024-08-05T15:53:43","slug":"depannages","status":"publish","type":"page","link":"https:\/\/mta83.com\/index.php\/depannages\/","title":{"rendered":"D\u00e9pannages"},"content":{"rendered":"<div id=\"metaslider-id-731\" style=\"width: 100%;\" class=\"ml-slider-3-91-0 metaslider metaslider-flex metaslider-731 ml-slider ms-theme-default nav-hidden\" role=\"region\" aria-roledescription=\"Slideshow\" aria-label=\"Depannage\">\n    <div id=\"metaslider_container_731\">\n        <div id=\"metaslider_731\">\n            <ul class='slides'>\n                <li style=\"display: block; width: 100%;\" class=\"slide-824 ms-image \" aria-roledescription=\"slide\" aria-label=\"slide-824\"><img loading=\"lazy\" decoding=\"async\" width=\"887\" height=\"665\" src=\"https:\/\/mta83.com\/wp-content\/uploads\/2024\/07\/Depannage7.jpg\" class=\"slider-731 slide-824\" alt=\"\" rel=\"\" title=\"Depannage7\" style=\"margin: 0 auto; width: 57.164339419979%\" srcset=\"https:\/\/mta83.com\/wp-content\/uploads\/2024\/07\/Depannage7.jpg 887w, https:\/\/mta83.com\/wp-content\/uploads\/2024\/07\/Depannage7-300x225.jpg 300w, https:\/\/mta83.com\/wp-content\/uploads\/2024\/07\/Depannage7-768x576.jpg 768w, https:\/\/mta83.com\/wp-content\/uploads\/2024\/07\/Depannage7-24x18.jpg 24w, https:\/\/mta83.com\/wp-content\/uploads\/2024\/07\/Depannage7-36x27.jpg 36w, https:\/\/mta83.com\/wp-content\/uploads\/2024\/07\/Depannage7-48x36.jpg 48w\" sizes=\"auto, (max-width: 887px) 100vw, 887px\" \/><\/li>\n                <li style=\"display: none; width: 100%;\" class=\"slide-738 ms-image \" aria-roledescription=\"slide\" aria-label=\"slide-738\"><img loading=\"lazy\" decoding=\"async\" width=\"765\" height=\"1089\" src=\"https:\/\/mta83.com\/wp-content\/uploads\/2024\/07\/depannage.jpg\" class=\"slider-731 slide-738\" alt=\"\" rel=\"\" title=\"depannage\" style=\"margin: 0 auto; width: 30.106257378985%\" srcset=\"https:\/\/mta83.com\/wp-content\/uploads\/2024\/07\/depannage.jpg 765w, https:\/\/mta83.com\/wp-content\/uploads\/2024\/07\/depannage-211x300.jpg 211w, https:\/\/mta83.com\/wp-content\/uploads\/2024\/07\/depannage-719x1024.jpg 719w, https:\/\/mta83.com\/wp-content\/uploads\/2024\/07\/depannage-17x24.jpg 17w, https:\/\/mta83.com\/wp-content\/uploads\/2024\/07\/depannage-25x36.jpg 25w, https:\/\/mta83.com\/wp-content\/uploads\/2024\/07\/depannage-34x48.jpg 34w\" sizes=\"auto, (max-width: 765px) 100vw, 765px\" \/><\/li>\n                <li style=\"display: none; width: 100%;\" class=\"slide-739 ms-image \" aria-roledescription=\"slide\" aria-label=\"slide-739\"><img loading=\"lazy\" decoding=\"async\" width=\"281\" height=\"500\" src=\"https:\/\/mta83.com\/wp-content\/uploads\/2024\/07\/depannage2.jpg\" class=\"slider-731 slide-739\" alt=\"\" rel=\"\" title=\"depannage2\" style=\"margin: 0 auto; width: 24.085714285714%\" srcset=\"https:\/\/mta83.com\/wp-content\/uploads\/2024\/07\/depannage2.jpg 281w, https:\/\/mta83.com\/wp-content\/uploads\/2024\/07\/depannage2-169x300.jpg 169w, https:\/\/mta83.com\/wp-content\/uploads\/2024\/07\/depannage2-13x24.jpg 13w, https:\/\/mta83.com\/wp-content\/uploads\/2024\/07\/depannage2-20x36.jpg 20w, https:\/\/mta83.com\/wp-content\/uploads\/2024\/07\/depannage2-27x48.jpg 27w\" sizes=\"auto, (max-width: 281px) 100vw, 281px\" \/><\/li>\n                <li style=\"display: none; width: 100%;\" class=\"slide-741 ms-image \" aria-roledescription=\"slide\" aria-label=\"slide-741\"><img loading=\"lazy\" decoding=\"async\" width=\"281\" height=\"500\" src=\"https:\/\/mta83.com\/wp-content\/uploads\/2024\/07\/depannage4.jpg\" class=\"slider-731 slide-741\" alt=\"\" rel=\"\" title=\"depannage4\" style=\"margin: 0 auto; width: 24.085714285714%\" srcset=\"https:\/\/mta83.com\/wp-content\/uploads\/2024\/07\/depannage4.jpg 281w, https:\/\/mta83.com\/wp-content\/uploads\/2024\/07\/depannage4-169x300.jpg 169w, https:\/\/mta83.com\/wp-content\/uploads\/2024\/07\/depannage4-13x24.jpg 13w, https:\/\/mta83.com\/wp-content\/uploads\/2024\/07\/depannage4-20x36.jpg 20w, https:\/\/mta83.com\/wp-content\/uploads\/2024\/07\/depannage4-27x48.jpg 27w\" sizes=\"auto, (max-width: 281px) 100vw, 281px\" \/><\/li>\n                <li style=\"display: none; width: 100%;\" class=\"slide-742 ms-image \" aria-roledescription=\"slide\" aria-label=\"slide-742\"><img loading=\"lazy\" decoding=\"async\" width=\"1200\" height=\"675\" src=\"https:\/\/mta83.com\/wp-content\/uploads\/2024\/07\/depannage5.jpg\" class=\"slider-731 slide-742\" alt=\"\" rel=\"\" title=\"depannage5\" style=\"margin: 0 auto; width: 76.190476190476%\" srcset=\"https:\/\/mta83.com\/wp-content\/uploads\/2024\/07\/depannage5.jpg 1200w, https:\/\/mta83.com\/wp-content\/uploads\/2024\/07\/depannage5-300x169.jpg 300w, https:\/\/mta83.com\/wp-content\/uploads\/2024\/07\/depannage5-1024x576.jpg 1024w, https:\/\/mta83.com\/wp-content\/uploads\/2024\/07\/depannage5-768x432.jpg 768w, https:\/\/mta83.com\/wp-content\/uploads\/2024\/07\/depannage5-24x14.jpg 24w, https:\/\/mta83.com\/wp-content\/uploads\/2024\/07\/depannage5-36x20.jpg 36w, https:\/\/mta83.com\/wp-content\/uploads\/2024\/07\/depannage5-48x27.jpg 48w\" sizes=\"auto, (max-width: 1200px) 100vw, 1200px\" \/><\/li>\n                <li style=\"display: none; width: 100%;\" class=\"slide-743 ms-image \" aria-roledescription=\"slide\" aria-label=\"slide-743\"><img loading=\"lazy\" decoding=\"async\" width=\"900\" height=\"1200\" src=\"https:\/\/mta83.com\/wp-content\/uploads\/2024\/07\/depannage6.jpg\" class=\"slider-731 slide-743\" alt=\"\" rel=\"\" title=\"depannage6\" style=\"margin: 0 auto; width: 32.142857142857%\" srcset=\"https:\/\/mta83.com\/wp-content\/uploads\/2024\/07\/depannage6.jpg 900w, https:\/\/mta83.com\/wp-content\/uploads\/2024\/07\/depannage6-225x300.jpg 225w, https:\/\/mta83.com\/wp-content\/uploads\/2024\/07\/depannage6-768x1024.jpg 768w, https:\/\/mta83.com\/wp-content\/uploads\/2024\/07\/depannage6-18x24.jpg 18w, https:\/\/mta83.com\/wp-content\/uploads\/2024\/07\/depannage6-27x36.jpg 27w, https:\/\/mta83.com\/wp-content\/uploads\/2024\/07\/depannage6-36x48.jpg 36w\" sizes=\"auto, (max-width: 900px) 100vw, 900px\" \/><\/li>\n            <\/ul>\n        <\/div>\n        \n    <\/div>\n<\/div>\n\n\n\n<figure class=\"wp-block-pullquote\"><blockquote><p>Pas besoin de tout changer, nous trouvons toujours une solution \u00e0 votre budget et correspondant \u00e0 vos exigences.<\/p><\/blockquote><\/figure>\n\n\n\n<p>MTA et son \u00e9quipe de professionnels sont sp\u00e9cialis\u00e9s en d\u00e9pannages\/diagnostics\u00a0: Frigorifique, a\u00e9raulique, thermique, CVC (chauffage, ventilation, climatisation).<\/p>\n\n\n\n<p>Le d\u00e9pannage est une sp\u00e9cialit\u00e9, peu importe le syst\u00e8me&nbsp;:<\/p>\n\n\n\n<ul class=\"wp-block-list\">\n<li>PAC AIR\/AIR (split, console, gainable, cassette, plafonnier)<\/li>\n\n\n\n<li>PAC AIR\/EAU (plancher chauffant\/rafraichissant, ECS\u00a0: eau chaude sanitaire)<\/li>\n\n\n\n<li>Cumulus, adoucisseur, groupe froid, cave \u00e0 vin etc\u2026<\/li>\n<\/ul>\n\n\n\n<p>Notre savoir-faire et exp\u00e9rience nous am\u00e8nent r\u00e9guli\u00e8rement \u00e0 une r\u00e9paration adapt\u00e9e !<\/p>\n\n\n\n<p>Nous trouvons toujours une solution adapt\u00e9e \u00e0 votre budget et correspondant \u00e0 vos exigences.<\/p>\n\n\n\n<p>Nous faisons un premier passage pour \u00e9tablir le diagnostic, puis nous vous envoyons un devis de r\u00e9paration. Une fois celui-ci valid\u00e9, nous commandons la\/les pi\u00e8ce(s) n\u00e9c\u00e9ssaire(s) et intervenons pour redonner une seconde vie \u00e0 votre appareil<\/p>\n\n\n\n<div class=\"wp-block-buttons is-content-justification-right is-layout-flex wp-container-core-buttons-is-layout-d445cf74 wp-block-buttons-is-layout-flex\">\n<div class=\"wp-block-button\"><a class=\"wp-block-button__link wp-element-button\" href=\"https:\/\/mta83.com\/index.php\/contactez-nous\/\">Demander un devis<\/a><\/div>\n<\/div>\n\n\n\n<figure class=\"wp-block-image aligncenter size-medium is-resized\"><a href=\"https:\/\/www.google.com\/maps\/place\/MTA+Chauffage+-+Climatisation+-+Plomberie+%2F+Clim+-+PAC+-+chauffe+eau+thermodynamique+-+cumulus+-+Cave+%C3%A0+vin+-+Bateau+Yacht\/@43.2253812,6.135497,15z\/data=!4m18!1m9!3m8!1s0x12c93d3bc4df43ad:0x89409391f7e7d56c!2sMTA+Chauffage+-+Climatisation+-+Plomberie+%2F+Clim+-+PAC+-+chauffe+eau+thermodynamique+-+cumulus+-+Cave+%C3%A0+vin+-+Bateau+Yacht!8m2!3d43.2253812!4d6.135497!9m1!1b1!16s%2Fg%2F11fx8wvwl3!3m7!1s0x12c93d3bc4df43ad:0x89409391f7e7d56c!8m2!3d43.2253812!4d6.135497!9m1!1b1!16s%2Fg%2F11fx8wvwl3?entry=ttu\" target=\"_blank\" rel=\"noreferrer noopener\"><img loading=\"lazy\" decoding=\"async\" width=\"300\" height=\"158\" src=\"https:\/\/mta83.com\/wp-content\/uploads\/2024\/06\/google-avis-client-300x158.webp\" alt=\"\" class=\"wp-image-441\" style=\"width:250px\" srcset=\"https:\/\/mta83.com\/wp-content\/uploads\/2024\/06\/google-avis-client-300x158.webp 300w, https:\/\/mta83.com\/wp-content\/uploads\/2024\/06\/google-avis-client-768x404.webp 768w, https:\/\/mta83.com\/wp-content\/uploads\/2024\/06\/google-avis-client-24x13.webp 24w, https:\/\/mta83.com\/wp-content\/uploads\/2024\/06\/google-avis-client-36x19.webp 36w, https:\/\/mta83.com\/wp-content\/uploads\/2024\/06\/google-avis-client-48x25.webp 48w, https:\/\/mta83.com\/wp-content\/uploads\/2024\/06\/google-avis-client.webp 1024w\" sizes=\"auto, (max-width: 300px) 100vw, 300px\" \/><\/a><\/figure>\n","protected":false},"excerpt":{"rendered":"<p>Pas besoin de tout changer, nous trouvons toujours une solution \u00e0 votre budget et correspondant \u00e0 vos exigences. MTA et son \u00e9quipe de professionnels sont sp\u00e9cialis\u00e9s en d\u00e9pannages\/diagnostics\u00a0: Frigorifique, a\u00e9raulique, thermique, CVC (chauffage, ventilation, climatisation). Le d\u00e9pannage est une sp\u00e9cialit\u00e9, peu importe le syst\u00e8me&nbsp;: Notre savoir-faire et exp\u00e9rience nous am\u00e8nent r\u00e9guli\u00e8rement \u00e0 une r\u00e9paration adapt\u00e9e [&hellip;]<\/p>\n","protected":false},"author":1,"featured_media":0,"parent":0,"menu_order":0,"comment_status":"closed","ping_status":"closed","template":"","meta":{"footnotes":""},"class_list":["post-255","page","type-page","status-publish","hentry"],"_links":{"self":[{"href":"https:\/\/mta83.com\/index.php\/wp-json\/wp\/v2\/pages\/255","targetHints":{"allow":["GET"]}}],"collection":[{"href":"https:\/\/mta83.com\/index.php\/wp-json\/wp\/v2\/pages"}],"about":[{"href":"https:\/\/mta83.com\/index.php\/wp-json\/wp\/v2\/types\/page"}],"author":[{"embeddable":true,"href":"https:\/\/mta83.com\/index.php\/wp-json\/wp\/v2\/users\/1"}],"replies":[{"embeddable":true,"href":"https:\/\/mta83.com\/index.php\/wp-json\/wp\/v2\/comments?post=255"}],"version-history":[{"count":12,"href":"https:\/\/mta83.com\/index.php\/wp-json\/wp\/v2\/pages\/255\/revisions"}],"predecessor-version":[{"id":1000,"href":"https:\/\/mta83.com\/index.php\/wp-json\/wp\/v2\/pages\/255\/revisions\/1000"}],"wp:attachment":[{"href":"https:\/\/mta83.com\/index.php\/wp-json\/wp\/v2\/media?parent=255"}],"curies":[{"name":"wp","href":"https:\/\/api.w.org\/{rel}","templated":true}]}}