{"id":27,"date":"2024-05-22T14:57:15","date_gmt":"2024-05-22T12:57:15","guid":{"rendered":"http:\/\/mta83.com\/?page_id=27"},"modified":"2024-08-03T15:03:52","modified_gmt":"2024-08-03T13:03:52","slug":"gainable","status":"publish","type":"page","link":"https:\/\/mta83.com\/index.php\/gainable\/","title":{"rendered":"Gainable"},"content":{"rendered":"\n<p><strong>UNE SOLUTION haut de gamme performante et design<\/strong><\/p>\n\n\n<div id=\"metaslider-id-655\" style=\"width: 100%;\" class=\"ml-slider-3-91-0 metaslider metaslider-flex metaslider-655 ml-slider ms-theme-default nav-hidden\" role=\"region\" aria-roledescription=\"Slideshow\" aria-label=\"Gainable\">\n    <div id=\"metaslider_container_655\">\n        <div id=\"metaslider_655\">\n            <ul class='slides'>\n                <li style=\"display: block; width: 100%;\" class=\"slide-889 ms-image \" aria-roledescription=\"slide\" aria-label=\"slide-889\"><img loading=\"lazy\" decoding=\"async\" width=\"700\" height=\"325\" src=\"https:\/\/mta83.com\/wp-content\/uploads\/2024\/07\/Gainable-2.jpg\" class=\"slider-655 slide-889\" alt=\"\" rel=\"\" title=\"Gainable 2\" style=\"margin: 0 auto; width: 92.307692307692%\" srcset=\"https:\/\/mta83.com\/wp-content\/uploads\/2024\/07\/Gainable-2.jpg 700w, https:\/\/mta83.com\/wp-content\/uploads\/2024\/07\/Gainable-2-300x139.jpg 300w, https:\/\/mta83.com\/wp-content\/uploads\/2024\/07\/Gainable-2-24x11.jpg 24w, https:\/\/mta83.com\/wp-content\/uploads\/2024\/07\/Gainable-2-36x17.jpg 36w, https:\/\/mta83.com\/wp-content\/uploads\/2024\/07\/Gainable-2-48x22.jpg 48w\" sizes=\"auto, (max-width: 700px) 100vw, 700px\" \/><\/li>\n                <li style=\"display: none; width: 100%;\" class=\"slide-895 ms-image \" aria-roledescription=\"slide\" aria-label=\"slide-895\"><img loading=\"lazy\" decoding=\"async\" width=\"1280\" height=\"768\" src=\"https:\/\/mta83.com\/wp-content\/uploads\/2024\/07\/Gainable-8-1.jpg\" class=\"slider-655 slide-895\" alt=\"\" rel=\"\" title=\"Gainable 8\" style=\"margin: 0 auto; width: 71.428571428571%\" srcset=\"https:\/\/mta83.com\/wp-content\/uploads\/2024\/07\/Gainable-8-1.jpg 1280w, https:\/\/mta83.com\/wp-content\/uploads\/2024\/07\/Gainable-8-1-300x180.jpg 300w, https:\/\/mta83.com\/wp-content\/uploads\/2024\/07\/Gainable-8-1-1024x614.jpg 1024w, https:\/\/mta83.com\/wp-content\/uploads\/2024\/07\/Gainable-8-1-768x461.jpg 768w, https:\/\/mta83.com\/wp-content\/uploads\/2024\/07\/Gainable-8-1-24x14.jpg 24w, https:\/\/mta83.com\/wp-content\/uploads\/2024\/07\/Gainable-8-1-36x22.jpg 36w, https:\/\/mta83.com\/wp-content\/uploads\/2024\/07\/Gainable-8-1-48x29.jpg 48w\" sizes=\"auto, (max-width: 1280px) 100vw, 1280px\" \/><\/li>\n                <li style=\"display: none; width: 100%;\" class=\"slide-891 ms-image \" aria-roledescription=\"slide\" aria-label=\"slide-891\"><img loading=\"lazy\" decoding=\"async\" width=\"2560\" height=\"1196\" src=\"https:\/\/mta83.com\/wp-content\/uploads\/2024\/07\/Gainable-4-1-scaled.jpg\" class=\"slider-655 slide-891\" alt=\"\" rel=\"\" title=\"Gainable 4\" style=\"margin: 0 auto; width: 91.734352603918%\" srcset=\"https:\/\/mta83.com\/wp-content\/uploads\/2024\/07\/Gainable-4-1-scaled.jpg 2560w, https:\/\/mta83.com\/wp-content\/uploads\/2024\/07\/Gainable-4-1-300x140.jpg 300w, https:\/\/mta83.com\/wp-content\/uploads\/2024\/07\/Gainable-4-1-1024x478.jpg 1024w, https:\/\/mta83.com\/wp-content\/uploads\/2024\/07\/Gainable-4-1-768x359.jpg 768w, https:\/\/mta83.com\/wp-content\/uploads\/2024\/07\/Gainable-4-1-1536x717.jpg 1536w, https:\/\/mta83.com\/wp-content\/uploads\/2024\/07\/Gainable-4-1-2048x956.jpg 2048w, https:\/\/mta83.com\/wp-content\/uploads\/2024\/07\/Gainable-4-1-24x11.jpg 24w, https:\/\/mta83.com\/wp-content\/uploads\/2024\/07\/Gainable-4-1-36x17.jpg 36w, https:\/\/mta83.com\/wp-content\/uploads\/2024\/07\/Gainable-4-1-48x22.jpg 48w\" sizes=\"auto, (max-width: 2560px) 100vw, 2560px\" \/><\/li>\n                <li style=\"display: none; width: 100%;\" class=\"slide-893 ms-image \" aria-roledescription=\"slide\" aria-label=\"slide-893\"><img loading=\"lazy\" decoding=\"async\" width=\"2096\" height=\"906\" src=\"https:\/\/mta83.com\/wp-content\/uploads\/2024\/07\/Gainable-6.jpg\" class=\"slider-655 slide-893\" alt=\"\" rel=\"\" title=\"beautiful apartment, interior\" style=\"margin: 0 auto; width: 99.14853358562%\" srcset=\"https:\/\/mta83.com\/wp-content\/uploads\/2024\/07\/Gainable-6.jpg 2096w, https:\/\/mta83.com\/wp-content\/uploads\/2024\/07\/Gainable-6-300x130.jpg 300w, https:\/\/mta83.com\/wp-content\/uploads\/2024\/07\/Gainable-6-1024x443.jpg 1024w, https:\/\/mta83.com\/wp-content\/uploads\/2024\/07\/Gainable-6-768x332.jpg 768w, https:\/\/mta83.com\/wp-content\/uploads\/2024\/07\/Gainable-6-1536x664.jpg 1536w, https:\/\/mta83.com\/wp-content\/uploads\/2024\/07\/Gainable-6-2048x885.jpg 2048w, https:\/\/mta83.com\/wp-content\/uploads\/2024\/07\/Gainable-6-24x10.jpg 24w, https:\/\/mta83.com\/wp-content\/uploads\/2024\/07\/Gainable-6-36x16.jpg 36w, https:\/\/mta83.com\/wp-content\/uploads\/2024\/07\/Gainable-6-48x21.jpg 48w\" sizes=\"auto, (max-width: 2096px) 100vw, 2096px\" \/><div class=\"caption-wrap\"><div class=\"caption\">Interior of a modern apartment, comfortable living room<\/div><\/div><\/li>\n                <li style=\"display: none; width: 100%;\" class=\"slide-896 ms-image \" aria-roledescription=\"slide\" aria-label=\"slide-896\"><img loading=\"lazy\" decoding=\"async\" width=\"1500\" height=\"847\" src=\"https:\/\/mta83.com\/wp-content\/uploads\/2024\/07\/Gainable-9.png\" class=\"slider-655 slide-896\" alt=\"\" rel=\"\" title=\"Gainable 9\" style=\"margin: 0 auto; width: 75.89812784618%\" srcset=\"https:\/\/mta83.com\/wp-content\/uploads\/2024\/07\/Gainable-9.png 1500w, https:\/\/mta83.com\/wp-content\/uploads\/2024\/07\/Gainable-9-300x169.png 300w, https:\/\/mta83.com\/wp-content\/uploads\/2024\/07\/Gainable-9-1024x578.png 1024w, https:\/\/mta83.com\/wp-content\/uploads\/2024\/07\/Gainable-9-768x434.png 768w, https:\/\/mta83.com\/wp-content\/uploads\/2024\/07\/Gainable-9-24x14.png 24w, https:\/\/mta83.com\/wp-content\/uploads\/2024\/07\/Gainable-9-36x20.png 36w, https:\/\/mta83.com\/wp-content\/uploads\/2024\/07\/Gainable-9-48x27.png 48w\" sizes=\"auto, (max-width: 1500px) 100vw, 1500px\" \/><\/li>\n                <li style=\"display: none; width: 100%;\" class=\"slide-888 ms-image \" aria-roledescription=\"slide\" aria-label=\"slide-888\"><img loading=\"lazy\" decoding=\"async\" width=\"2400\" height=\"1602\" src=\"https:\/\/mta83.com\/wp-content\/uploads\/2024\/07\/Gainable-1-1.jpg\" class=\"slider-655 slide-888\" alt=\"\" rel=\"\" title=\"Gainable 1\" style=\"margin: 0 auto; width: 64.205457463884%\" srcset=\"https:\/\/mta83.com\/wp-content\/uploads\/2024\/07\/Gainable-1-1.jpg 2400w, https:\/\/mta83.com\/wp-content\/uploads\/2024\/07\/Gainable-1-1-300x200.jpg 300w, https:\/\/mta83.com\/wp-content\/uploads\/2024\/07\/Gainable-1-1-1024x684.jpg 1024w, https:\/\/mta83.com\/wp-content\/uploads\/2024\/07\/Gainable-1-1-768x513.jpg 768w, https:\/\/mta83.com\/wp-content\/uploads\/2024\/07\/Gainable-1-1-1536x1025.jpg 1536w, https:\/\/mta83.com\/wp-content\/uploads\/2024\/07\/Gainable-1-1-2048x1367.jpg 2048w, https:\/\/mta83.com\/wp-content\/uploads\/2024\/07\/Gainable-1-1-24x16.jpg 24w, https:\/\/mta83.com\/wp-content\/uploads\/2024\/07\/Gainable-1-1-36x24.jpg 36w, https:\/\/mta83.com\/wp-content\/uploads\/2024\/07\/Gainable-1-1-48x32.jpg 48w\" sizes=\"auto, (max-width: 2400px) 100vw, 2400px\" \/><\/li>\n                <li style=\"display: none; width: 100%;\" class=\"slide-890 ms-image \" aria-roledescription=\"slide\" aria-label=\"slide-890\"><img loading=\"lazy\" decoding=\"async\" width=\"630\" height=\"410\" src=\"https:\/\/mta83.com\/wp-content\/uploads\/2024\/07\/Gainable-3-1.jpg\" class=\"slider-655 slide-890\" alt=\"\" rel=\"\" title=\"Gainable 3\" style=\"margin: 0 auto; width: 65.853658536585%\" srcset=\"https:\/\/mta83.com\/wp-content\/uploads\/2024\/07\/Gainable-3-1.jpg 630w, https:\/\/mta83.com\/wp-content\/uploads\/2024\/07\/Gainable-3-1-300x195.jpg 300w, https:\/\/mta83.com\/wp-content\/uploads\/2024\/07\/Gainable-3-1-24x16.jpg 24w, https:\/\/mta83.com\/wp-content\/uploads\/2024\/07\/Gainable-3-1-36x23.jpg 36w, https:\/\/mta83.com\/wp-content\/uploads\/2024\/07\/Gainable-3-1-48x31.jpg 48w\" sizes=\"auto, (max-width: 630px) 100vw, 630px\" \/><\/li>\n                <li style=\"display: none; width: 100%;\" class=\"slide-892 ms-image \" aria-roledescription=\"slide\" aria-label=\"slide-892\"><img loading=\"lazy\" decoding=\"async\" width=\"2560\" height=\"1920\" src=\"https:\/\/mta83.com\/wp-content\/uploads\/2024\/07\/Gainable-5-1-scaled.jpg\" class=\"slider-655 slide-892\" alt=\"\" rel=\"\" title=\"Gainable 5\" style=\"margin: 0 auto; width: 57.142857142857%\" srcset=\"https:\/\/mta83.com\/wp-content\/uploads\/2024\/07\/Gainable-5-1-scaled.jpg 2560w, https:\/\/mta83.com\/wp-content\/uploads\/2024\/07\/Gainable-5-1-300x225.jpg 300w, https:\/\/mta83.com\/wp-content\/uploads\/2024\/07\/Gainable-5-1-1024x768.jpg 1024w, https:\/\/mta83.com\/wp-content\/uploads\/2024\/07\/Gainable-5-1-768x576.jpg 768w, https:\/\/mta83.com\/wp-content\/uploads\/2024\/07\/Gainable-5-1-1536x1152.jpg 1536w, https:\/\/mta83.com\/wp-content\/uploads\/2024\/07\/Gainable-5-1-2048x1536.jpg 2048w, https:\/\/mta83.com\/wp-content\/uploads\/2024\/07\/Gainable-5-1-24x18.jpg 24w, https:\/\/mta83.com\/wp-content\/uploads\/2024\/07\/Gainable-5-1-36x27.jpg 36w, https:\/\/mta83.com\/wp-content\/uploads\/2024\/07\/Gainable-5-1-48x36.jpg 48w\" sizes=\"auto, (max-width: 2560px) 100vw, 2560px\" \/><\/li>\n                <li style=\"display: none; width: 100%;\" class=\"slide-894 ms-image \" aria-roledescription=\"slide\" aria-label=\"slide-894\"><img loading=\"lazy\" decoding=\"async\" width=\"797\" height=\"960\" src=\"https:\/\/mta83.com\/wp-content\/uploads\/2024\/07\/Gainable-7-1.jpg\" class=\"slider-655 slide-894\" alt=\"\" rel=\"\" title=\"Gainable 7\" style=\"margin: 0 auto; width: 35.580357142857%\" srcset=\"https:\/\/mta83.com\/wp-content\/uploads\/2024\/07\/Gainable-7-1.jpg 797w, https:\/\/mta83.com\/wp-content\/uploads\/2024\/07\/Gainable-7-1-249x300.jpg 249w, https:\/\/mta83.com\/wp-content\/uploads\/2024\/07\/Gainable-7-1-768x925.jpg 768w, https:\/\/mta83.com\/wp-content\/uploads\/2024\/07\/Gainable-7-1-20x24.jpg 20w, https:\/\/mta83.com\/wp-content\/uploads\/2024\/07\/Gainable-7-1-30x36.jpg 30w, https:\/\/mta83.com\/wp-content\/uploads\/2024\/07\/Gainable-7-1-40x48.jpg 40w\" sizes=\"auto, (max-width: 797px) 100vw, 797px\" \/><\/li>\n                <li style=\"display: none; width: 100%;\" class=\"slide-897 ms-image \" aria-roledescription=\"slide\" aria-label=\"slide-897\"><img loading=\"lazy\" decoding=\"async\" width=\"1600\" height=\"1200\" src=\"https:\/\/mta83.com\/wp-content\/uploads\/2024\/07\/Gainable.jpg\" class=\"slider-655 slide-897\" alt=\"\" rel=\"\" title=\"Gainable\" style=\"margin: 0 auto; width: 57.142857142857%\" srcset=\"https:\/\/mta83.com\/wp-content\/uploads\/2024\/07\/Gainable.jpg 1600w, https:\/\/mta83.com\/wp-content\/uploads\/2024\/07\/Gainable-300x225.jpg 300w, https:\/\/mta83.com\/wp-content\/uploads\/2024\/07\/Gainable-1024x768.jpg 1024w, https:\/\/mta83.com\/wp-content\/uploads\/2024\/07\/Gainable-768x576.jpg 768w, https:\/\/mta83.com\/wp-content\/uploads\/2024\/07\/Gainable-1536x1152.jpg 1536w, https:\/\/mta83.com\/wp-content\/uploads\/2024\/07\/Gainable-24x18.jpg 24w, https:\/\/mta83.com\/wp-content\/uploads\/2024\/07\/Gainable-36x27.jpg 36w, https:\/\/mta83.com\/wp-content\/uploads\/2024\/07\/Gainable-48x36.jpg 48w\" sizes=\"auto, (max-width: 1600px) 100vw, 1600px\" \/><\/li>\n            <\/ul>\n        <\/div>\n        \n    <\/div>\n<\/div>\n\n\n\n<p><strong>Le syst\u00e8me gainable<\/strong> repr\u00e9sente l&#8217;excellence en mati\u00e8re de PAC Air\/Air, offrant des performances exceptionnelles et un confort acoustique remarquable (pratiquement inaudible).<br>Un \u00e9norme avantage visuel puisque ce sont des grilles au plafond\/sol ou au mur qui souffleront l\u2019air chaud et froid (pas<br>d\u2019encombrement physique et visuel pour mettre vos meubles ou dressing), des performances par tous temps et jusqu\u2019\u00e0 60% d\u2019\u00e9nergie en moins que vos chauffages \u00e9lectriques actuels.<\/p>\n\n\n\n<p>Le Gainable est ce qui se fait de mieux en PAC Air\/Air, des performances extr\u00eames, un confort acoustique bluffant (syst\u00e8me quasiment inaudible).(Syst\u00e8me quasiment inaudible) la totalit\u00e9 de la phrase doit \u00eatre \u00e0 la ligne, sur le site elle est coup\u00e9e<\/p>\n\n\n\n<p>Sa large de gamme disponible chez chaque marque (\u00e9conomique, performance, design etc) permet de fonctionner jusqu\u2019\u00e0 -25\u00b0C en hiver ! Il est possible de traiter une villa de 100 m\u00b2 avec une seule machine (moteur ext\u00e9rieur) et chacune des pi\u00e8ces (par exemple : salon, chambre 1, chambre 2 chambre 3, chambre 4) aura sa propre temp\u00e9rature avec une REGULATION SHOGUN, sans avoir de t\u00e9l\u00e9commande \u00ab ma\u00eetre et esclave \u00bb. Faible co\u00fbt de maintenance annuelle car un seul moteur. Si vous aviez install\u00e9 4 ou 5 climatisations split, vous auriez au moins 3 machines \u00e0 entretenir chaque ann\u00e9e ! Le gainable offre \u00e9galement un avantage sur la filtration d\u2019air, bien plus pr\u00e9cise que des splits ou consoles, pour un air plus sain. Toutes ces machines sont issues d\u2019un proc\u00e9d\u00e9 \u00e9lectronique de r\u00e9gulation Inverter (Tr\u00e8s faible consommation car c\u2019est un moteur \u00e0 puissance variable) et r\u00e9versibles (pour le chauffage et la climatisation).<\/p>\n\n\n\n<div class=\"wp-block-buttons is-content-justification-right is-layout-flex wp-container-core-buttons-is-layout-d445cf74 wp-block-buttons-is-layout-flex\">\n<div class=\"wp-block-button\"><a class=\"wp-block-button__link wp-element-button\" href=\"https:\/\/mta83.com\/index.php\/contactez-nous\/\">Demander un devis<\/a><\/div>\n<\/div>\n\n\n\n<figure class=\"wp-block-image aligncenter size-medium is-resized\"><a href=\"https:\/\/www.google.com\/maps\/place\/MTA+Chauffage+-+Climatisation+-+Plomberie+%2F+Clim+-+PAC+-+chauffe+eau+thermodynamique+-+cumulus+-+Cave+%C3%A0+vin+-+Bateau+Yacht\/@43.2253812,6.135497,15z\/data=!4m18!1m9!3m8!1s0x12c93d3bc4df43ad:0x89409391f7e7d56c!2sMTA+Chauffage+-+Climatisation+-+Plomberie+%2F+Clim+-+PAC+-+chauffe+eau+thermodynamique+-+cumulus+-+Cave+%C3%A0+vin+-+Bateau+Yacht!8m2!3d43.2253812!4d6.135497!9m1!1b1!16s%2Fg%2F11fx8wvwl3!3m7!1s0x12c93d3bc4df43ad:0x89409391f7e7d56c!8m2!3d43.2253812!4d6.135497!9m1!1b1!16s%2Fg%2F11fx8wvwl3?entry=ttu\" target=\"_blank\" rel=\"noreferrer noopener\"><img loading=\"lazy\" decoding=\"async\" width=\"300\" height=\"158\" src=\"https:\/\/mta83.com\/wp-content\/uploads\/2024\/06\/google-avis-client-300x158.webp\" alt=\"\" class=\"wp-image-441\" style=\"width:250px\" srcset=\"https:\/\/mta83.com\/wp-content\/uploads\/2024\/06\/google-avis-client-300x158.webp 300w, https:\/\/mta83.com\/wp-content\/uploads\/2024\/06\/google-avis-client-768x404.webp 768w, https:\/\/mta83.com\/wp-content\/uploads\/2024\/06\/google-avis-client-24x13.webp 24w, https:\/\/mta83.com\/wp-content\/uploads\/2024\/06\/google-avis-client-36x19.webp 36w, https:\/\/mta83.com\/wp-content\/uploads\/2024\/06\/google-avis-client-48x25.webp 48w, https:\/\/mta83.com\/wp-content\/uploads\/2024\/06\/google-avis-client.webp 1024w\" sizes=\"auto, (max-width: 300px) 100vw, 300px\" \/><\/a><\/figure>\n","protected":false},"excerpt":{"rendered":"<p>UNE SOLUTION haut de gamme performante et design Le syst\u00e8me gainable repr\u00e9sente l&#8217;excellence en mati\u00e8re de PAC Air\/Air, offrant des performances exceptionnelles et un confort acoustique remarquable (pratiquement inaudible).Un \u00e9norme avantage visuel puisque ce sont des grilles au plafond\/sol ou au mur qui souffleront l\u2019air chaud et froid (pasd\u2019encombrement physique et visuel pour mettre vos [&hellip;]<\/p>\n","protected":false},"author":1,"featured_media":0,"parent":0,"menu_order":0,"comment_status":"closed","ping_status":"closed","template":"","meta":{"footnotes":""},"class_list":["post-27","page","type-page","status-publish","hentry"],"_links":{"self":[{"href":"https:\/\/mta83.com\/index.php\/wp-json\/wp\/v2\/pages\/27","targetHints":{"allow":["GET"]}}],"collection":[{"href":"https:\/\/mta83.com\/index.php\/wp-json\/wp\/v2\/pages"}],"about":[{"href":"https:\/\/mta83.com\/index.php\/wp-json\/wp\/v2\/types\/page"}],"author":[{"embeddable":true,"href":"https:\/\/mta83.com\/index.php\/wp-json\/wp\/v2\/users\/1"}],"replies":[{"embeddable":true,"href":"https:\/\/mta83.com\/index.php\/wp-json\/wp\/v2\/comments?post=27"}],"version-history":[{"count":13,"href":"https:\/\/mta83.com\/index.php\/wp-json\/wp\/v2\/pages\/27\/revisions"}],"predecessor-version":[{"id":978,"href":"https:\/\/mta83.com\/index.php\/wp-json\/wp\/v2\/pages\/27\/revisions\/978"}],"wp:attachment":[{"href":"https:\/\/mta83.com\/index.php\/wp-json\/wp\/v2\/media?parent=27"}],"curies":[{"name":"wp","href":"https:\/\/api.w.org\/{rel}","templated":true}]}}