{"id":782,"date":"2024-07-10T19:09:34","date_gmt":"2024-07-10T17:09:34","guid":{"rendered":"https:\/\/mta83.com\/?page_id=782"},"modified":"2024-08-03T14:53:57","modified_gmt":"2024-08-03T12:53:57","slug":"habillage-groupe-exterieur","status":"publish","type":"page","link":"https:\/\/mta83.com\/index.php\/habillage-groupe-exterieur\/","title":{"rendered":"Habillage groupe ext\u00e9rieur"},"content":{"rendered":"\n<p>Permet de cacher votre groupe ext\u00e9rieur climatisation \/ pompe \u00e0 chaleur avec \u00e9l\u00e9gance<\/p>\n\n\n\n<p>Bon \u00e0 savoir&nbsp;: certaines communes imposent \u00e0 ce jour la mise en place d\u2019un habillage de groupe&nbsp;<\/p>\n\n\n\n<p>Ils se d\u00e9clinent en plusieurs tailles, formes et couleurs. Je recommande vivement la marque Devaux pour la qualit\u00e9 et l\u2019efficacit\u00e9 de leurs produits (voir un mod\u00e8le ci-dessous)<\/p>\n\n\n<div id=\"metaslider-id-786\" style=\"width: 100%;\" class=\"ml-slider-3-91-0 metaslider metaslider-flex metaslider-786 ml-slider ms-theme-default nav-hidden\" role=\"region\" aria-roledescription=\"Slideshow\" aria-label=\"Habillage groupe ext\u00e9rieur\">\n    <div id=\"metaslider_container_786\">\n        <div id=\"metaslider_786\">\n            <ul class='slides'>\n                <li style=\"display: block; width: 100%;\" class=\"slide-933 ms-image \" aria-roledescription=\"slide\" aria-label=\"slide-933\"><img loading=\"lazy\" decoding=\"async\" width=\"1500\" height=\"1090\" src=\"https:\/\/mta83.com\/wp-content\/uploads\/2024\/07\/Cache-Clim-e1721926857877.jpg\" class=\"slider-786 slide-933\" alt=\"\" rel=\"\" title=\"Cache Clim\" style=\"margin: 0 auto; width: 58.977719528178%\" srcset=\"https:\/\/mta83.com\/wp-content\/uploads\/2024\/07\/Cache-Clim-e1721926857877.jpg 1500w, https:\/\/mta83.com\/wp-content\/uploads\/2024\/07\/Cache-Clim-e1721926857877-300x218.jpg 300w, https:\/\/mta83.com\/wp-content\/uploads\/2024\/07\/Cache-Clim-e1721926857877-1024x744.jpg 1024w, https:\/\/mta83.com\/wp-content\/uploads\/2024\/07\/Cache-Clim-e1721926857877-768x558.jpg 768w, https:\/\/mta83.com\/wp-content\/uploads\/2024\/07\/Cache-Clim-e1721926857877-24x17.jpg 24w, https:\/\/mta83.com\/wp-content\/uploads\/2024\/07\/Cache-Clim-e1721926857877-36x26.jpg 36w, https:\/\/mta83.com\/wp-content\/uploads\/2024\/07\/Cache-Clim-e1721926857877-48x35.jpg 48w\" sizes=\"auto, (max-width: 1500px) 100vw, 1500px\" \/><\/li>\n                <li style=\"display: none; width: 100%;\" class=\"slide-932 ms-image \" aria-roledescription=\"slide\" aria-label=\"slide-932\"><img loading=\"lazy\" decoding=\"async\" width=\"2000\" height=\"1334\" src=\"https:\/\/mta83.com\/wp-content\/uploads\/2024\/07\/Cache-Clim-2.jpg\" class=\"slider-786 slide-932\" alt=\"\" rel=\"\" title=\"Cache Clim 2\" style=\"margin: 0 auto; width: 64.253587491968%\" srcset=\"https:\/\/mta83.com\/wp-content\/uploads\/2024\/07\/Cache-Clim-2.jpg 2000w, https:\/\/mta83.com\/wp-content\/uploads\/2024\/07\/Cache-Clim-2-300x200.jpg 300w, https:\/\/mta83.com\/wp-content\/uploads\/2024\/07\/Cache-Clim-2-1024x683.jpg 1024w, https:\/\/mta83.com\/wp-content\/uploads\/2024\/07\/Cache-Clim-2-768x512.jpg 768w, https:\/\/mta83.com\/wp-content\/uploads\/2024\/07\/Cache-Clim-2-1536x1025.jpg 1536w, https:\/\/mta83.com\/wp-content\/uploads\/2024\/07\/Cache-Clim-2-24x16.jpg 24w, https:\/\/mta83.com\/wp-content\/uploads\/2024\/07\/Cache-Clim-2-36x24.jpg 36w, https:\/\/mta83.com\/wp-content\/uploads\/2024\/07\/Cache-Clim-2-48x32.jpg 48w\" sizes=\"auto, (max-width: 2000px) 100vw, 2000px\" \/><\/li>\n                <li style=\"display: none; width: 100%;\" class=\"slide-931 ms-image \" aria-roledescription=\"slide\" aria-label=\"slide-931\"><img loading=\"lazy\" decoding=\"async\" width=\"1920\" height=\"1281\" src=\"https:\/\/mta83.com\/wp-content\/uploads\/2024\/07\/Cache-Clim-1.jpg\" class=\"slider-786 slide-931\" alt=\"\" rel=\"\" title=\"Cache Clim 1\" style=\"margin: 0 auto; width: 64.235530277685%\" srcset=\"https:\/\/mta83.com\/wp-content\/uploads\/2024\/07\/Cache-Clim-1.jpg 1920w, https:\/\/mta83.com\/wp-content\/uploads\/2024\/07\/Cache-Clim-1-300x200.jpg 300w, https:\/\/mta83.com\/wp-content\/uploads\/2024\/07\/Cache-Clim-1-1024x683.jpg 1024w, https:\/\/mta83.com\/wp-content\/uploads\/2024\/07\/Cache-Clim-1-768x512.jpg 768w, https:\/\/mta83.com\/wp-content\/uploads\/2024\/07\/Cache-Clim-1-1536x1025.jpg 1536w, https:\/\/mta83.com\/wp-content\/uploads\/2024\/07\/Cache-Clim-1-24x16.jpg 24w, https:\/\/mta83.com\/wp-content\/uploads\/2024\/07\/Cache-Clim-1-36x24.jpg 36w, https:\/\/mta83.com\/wp-content\/uploads\/2024\/07\/Cache-Clim-1-48x32.jpg 48w\" sizes=\"auto, (max-width: 1920px) 100vw, 1920px\" \/><\/li>\n            <\/ul>\n        <\/div>\n        \n    <\/div>\n<\/div>\n\n\n\n<div class=\"wp-block-buttons is-content-justification-right is-layout-flex wp-container-core-buttons-is-layout-d445cf74 wp-block-buttons-is-layout-flex\">\n<div class=\"wp-block-button\"><a class=\"wp-block-button__link wp-element-button\" href=\"https:\/\/mta83.com\/index.php\/contactez-nous\/\">Demander un devis<\/a><\/div>\n<\/div>\n\n\n\n<figure class=\"wp-block-image aligncenter size-medium is-resized\"><a href=\"https:\/\/www.google.com\/maps\/place\/MTA+Chauffage+-+Climatisation+-+Plomberie+%2F+Clim+-+PAC+-+chauffe+eau+thermodynamique+-+cumulus+-+Cave+%C3%A0+vin+-+Bateau+Yacht\/@43.2253812,6.135497,15z\/data=!4m18!1m9!3m8!1s0x12c93d3bc4df43ad:0x89409391f7e7d56c!2sMTA+Chauffage+-+Climatisation+-+Plomberie+%2F+Clim+-+PAC+-+chauffe+eau+thermodynamique+-+cumulus+-+Cave+%C3%A0+vin+-+Bateau+Yacht!8m2!3d43.2253812!4d6.135497!9m1!1b1!16s%2Fg%2F11fx8wvwl3!3m7!1s0x12c93d3bc4df43ad:0x89409391f7e7d56c!8m2!3d43.2253812!4d6.135497!9m1!1b1!16s%2Fg%2F11fx8wvwl3?entry=ttu\" target=\"_blank\" rel=\"noreferrer noopener\"><img loading=\"lazy\" decoding=\"async\" width=\"300\" height=\"158\" src=\"https:\/\/mta83.com\/wp-content\/uploads\/2024\/06\/google-avis-client-300x158.webp\" alt=\"\" class=\"wp-image-441\" style=\"width:250px\" srcset=\"https:\/\/mta83.com\/wp-content\/uploads\/2024\/06\/google-avis-client-300x158.webp 300w, https:\/\/mta83.com\/wp-content\/uploads\/2024\/06\/google-avis-client-768x404.webp 768w, https:\/\/mta83.com\/wp-content\/uploads\/2024\/06\/google-avis-client-24x13.webp 24w, https:\/\/mta83.com\/wp-content\/uploads\/2024\/06\/google-avis-client-36x19.webp 36w, https:\/\/mta83.com\/wp-content\/uploads\/2024\/06\/google-avis-client-48x25.webp 48w, https:\/\/mta83.com\/wp-content\/uploads\/2024\/06\/google-avis-client.webp 1024w\" sizes=\"auto, (max-width: 300px) 100vw, 300px\" \/><\/a><\/figure>\n","protected":false},"excerpt":{"rendered":"<p>Permet de cacher votre groupe ext\u00e9rieur climatisation \/ pompe \u00e0 chaleur avec \u00e9l\u00e9gance Bon \u00e0 savoir&nbsp;: certaines communes imposent \u00e0 ce jour la mise en place d\u2019un habillage de groupe&nbsp; Ils se d\u00e9clinent en plusieurs tailles, formes et couleurs. Je recommande vivement la marque Devaux pour la qualit\u00e9 et l\u2019efficacit\u00e9 de leurs produits (voir un [&hellip;]<\/p>\n","protected":false},"author":1,"featured_media":0,"parent":0,"menu_order":0,"comment_status":"closed","ping_status":"closed","template":"","meta":{"footnotes":""},"class_list":["post-782","page","type-page","status-publish","hentry"],"_links":{"self":[{"href":"https:\/\/mta83.com\/index.php\/wp-json\/wp\/v2\/pages\/782","targetHints":{"allow":["GET"]}}],"collection":[{"href":"https:\/\/mta83.com\/index.php\/wp-json\/wp\/v2\/pages"}],"about":[{"href":"https:\/\/mta83.com\/index.php\/wp-json\/wp\/v2\/types\/page"}],"author":[{"embeddable":true,"href":"https:\/\/mta83.com\/index.php\/wp-json\/wp\/v2\/users\/1"}],"replies":[{"embeddable":true,"href":"https:\/\/mta83.com\/index.php\/wp-json\/wp\/v2\/comments?post=782"}],"version-history":[{"count":5,"href":"https:\/\/mta83.com\/index.php\/wp-json\/wp\/v2\/pages\/782\/revisions"}],"predecessor-version":[{"id":973,"href":"https:\/\/mta83.com\/index.php\/wp-json\/wp\/v2\/pages\/782\/revisions\/973"}],"wp:attachment":[{"href":"https:\/\/mta83.com\/index.php\/wp-json\/wp\/v2\/media?parent=782"}],"curies":[{"name":"wp","href":"https:\/\/api.w.org\/{rel}","templated":true}]}}